(39).
-470
Let i(p) = 32779*p - 163905. Determine i(5).
-10
Let i(n) = n**3 - 45*n**2 + 52*n + 3. Give i(44).
355
Let w(p) = p**2 - 18*p - 107. Determine w(35).
488
Let z(c) = 10*c**2 - 35*c - 211. Calculate z(5).
-136
Let y(t) = -6*t + 474. Determine y(78).
6
Let u(m) = -61*m + 630. Give u(11).
-41
Let v(w) = w**3 + 43*w**2 - 185*w + 12. Give v(4).
24
Let d(q) = -212*q - 16522. Determine d(-78).
14
Let x(g) = 33*g - 617. Determine x(20).
43
Let w(r) = -106*r + 9646. Calculate w(91).
0
Let d(c) = 3*c**2 + 20*c - 101. What is d(-9)?
-38
Let s(n) = -2*n**3 + 101*n**2 - 34*n - 811. What is s(50)?
-11
Let q(y) = 155*y - 15184. Give q(98).
6
Let n(r) = -5*r**2 + 20*r + 42. What is n(5)?
17
Let j(n) = n**3 - 3*n**2 - 56*n - 149. Calculate j(10).
-9
Let c(t) = -3*t**3 - 288*t**2 + 8*t + 767. What is c(-96)?
-1
Let d(g) = -g**3 - 3*g**2 - 1714*g - 6866. What is d(-4)?
6
Let h(d) = -4*d**2 + 100*d + 13. Give h(20).
413
Let w(x) = x**2 + 21*x + 33. What is w(-22)?
55
Let b(a) = 50*a**2 + 343*a - 31. Determine b(-7).
18
Let w(k) = 7*k - 111. What is w(21)?
36
Let b(k) = -9*k - 152. What is b(-17)?
1
Let s(j) = -j**3 - 25*j**2 - 63*j - 85. What is s(-23)?
306
Let b(c) = -300*c - 5703. Calculate b(-19).
-3
Let d(b) = -16*b + 16. Determine d(4).
-48
Let j(b) = -65*b + 5. What is j(0)?
5
Let g(f) = 10*f**3 + 131*f**2 + 111*f - 258. What is g(-12)?
-6
Let x(t) = -24*t + 13. Give x(3).
-59
Let w(a) = 82*a - 410. Calculate w(-2).
-574
Let w(p) = 7*p**3 + 82*p**2 + 173*p + 6. Determine w(-9).
-12
Let g(d) = -d**2 + 3359*d - 16764. Calculate g(5).
6
Let h(g) = 2*g**3 - 29*g**2 - 163*g - 143. Determine h(19).
9
Let o(q) = -12*q**2 - 74*q - 4. Calculate o(-6).
8
Let x(h) = -2*h**2 + 17. Calculate x(0).
17
Let u(t) = -t**2 - 69*t - 259. What is u(-4)?
1
Let g(i) = -i**2 + 43*i - 267. Determine g(36).
-15
Let k(y) = -y**3 + 39*y**2 - 21*y - 669. What is k(38)?
-23
Let i(j) = 89*j + 714. Calculate i(-8).
2
Let h(p) = p**2 + 20*p + 79. What is h(-9)?
-20
Let i(u) = -11*u - 45. What is i(-10)?
65
Let g(s) = 1993*s + 5914. Calculate g(-3).
-65
Let b(p) = -p**2 + 36*p - 22. Determine b(27).
221
Let u(s) = 27*s**2 + 33*s - 10. Give u(-2).
32
Let u(o) = -53*o - 872. What is u(-22)?
294
Let t(x) = 556*x**3 - 3*x**2 - 19*x + 20. What is t(1)?
554
Let m(h) = 57*h - 265. Calculate m(5).
20
Let z(t) = 2*t**2 + 101*t + 528. Determine z(-6).
-6
Let x(h) = 56*h + 387. Give x(-5).
107
Let s(u) = -2*u**3 + 5*u**2 - 7*u - 21. Determine s(0).
-21
Let s(y) = -33*y - 495. What is s(-13)?
-66
Let v(j) = j**3 + 6*j**2 - 11*j - 45. Give v(-6).
21
Let z(y) = 3*y**2 + 27*y - 59. Give z(-11).
7
Let m(d) = -66*d - 39. Give m(-1).
27
Let f(i) = -i**2 + 86*i - 375. What is f(5)?
30
Let q(v) = -11*v + 223. Determine q(0).
223
Let l(d) = d**3 + 23*d**2 + 65*d + 29. Give l(-20).
-71
Let x(d) = -3*d**2 + 102*d + 710. What is x(-6)?
-10
Let m(d) = -d**3 + 21*d**2 + 3*d - 20. Give m(21).
43
Let b(q) = 372*q + 4093. Give b(-11).
1
Let c(h) = 23*h - 10. Calculate c(5).
105
Let s(v) = -v**3 + 25*v**2 - v - 75. Give s(25).
-100
Let a(s) = -s**2 + 29*s - 104. Calculate a(5).
16
Let g(c) = 7*c**2 + 39*c - 4. Determine g(-6).
14
Let r(a) = 2*a**2 - 243*a - 5986. Calculate r(-21).
-1
Let y(b) = 6*b**2 - 1320*b - 1326. Calculate y(221).
0
Let g(j) = -18*j + 119. Determine g(-12).
335
Let u(p) = -p**3 + 13*p**2 + 130*p + 75. Calculate u(-6).
-21
Let l(c) = 7*c**3 - 6*c**2 - 13*c + 59. Calculate l(4).
359
Let n(m) = -m**3 - 34*m**2 + 4*m + 70. What is n(-34)?
-66
Let y(j) = -8*j**2 + 214*j - 183. Calculate y(26).
-27
Let z(j) = -j**2 + 42*j - 231. Calculate z(6).
-15
Let b(v) = 2*v**2 - 8*v - 51. Determine b(-3).
-9
Let q(i) = i**3 + 65*i**2 - 128*i - 13. What is q(2)?
-1
Let o(g) = -g**2 + g + 153. What is o(13)?
-3
Let o(g) = -g**3 - 17*g**2 - 42*g - 12. Calculate o(-14).
-12
Let x(b) = 65*b - 961. Calculate x(15).
14
Let y(a) = 101*a**2 + 2. What is y(1)?
103
Let d(y) = -y**3 + 71*y**2 - 713*y + 273. Give d(59).
-22
Let q(u) = -u**3 - 55*u**2 + 156*u + 2397. Give q(-57).
3
Let k(y) = -y**3 - 19*y**2 - 85*y + 38. Determine k(-9).
-7
Let v(q) = -25*q - 748. Calculate v(-25).
-123
Let d(x) = -x**3 + 20*x**2 - 61*x + 183. Determine d(17).
13
Let b(w) = 21*w**2 + 652*w + 655. Determine b(-30).
-5
Let x(z) = 1786*z + 26805. Calculate x(-15).
15
Let y(j) = -4*j**3 + 645*j**2 - 145*j - 2586. Determine y(161).
-10
Let l(n) = n**2 - 142*n + 3022. Determine l(116).
6
Let l(h) = -h**3 + 20*h**2 - 91*h + 4. Give l(13).
4
Let s(q) = 75*q + 73. Calculate s(-1).
-2
Let a(z) = 459*z + 1276. What is a(-3)?
-101
Let c(t) = 325*t - 4562. Calculate c(14).
-12
Let d(b) = 4*b**2 + 9*b - 30. What is d(5)?
115
Let n(j) = -3741*j + 26213. Determine n(7).
26
Let n(k) = 2*k**3 - 81*k**2 + 44*k + 313. Give n(40).
473
Let j(u) = 12*u**2 + 18*u - 59. Determine j(4).
205
Let y(a) = a**3 + 10*a**2 + 9*a + 123. Give y(-10).
33
Let q(m) = -10*m**2 + 76*m - 26. What is q(7)?
16
Let a(h) = 2*h**3 - 97*h**2 - 4*h + 146. Calculate a(0).
146
Let q(w) = -21*w - 32. What is q(2)?
-74
Let z(d) = -11*d + 176. What is z(17)?
-11
Let y(l) = 167*l - 19. What is y(-2)?
-353
Let k(l) = -17*l + 520. Determine k(17).
231
Let w(j) = -j**2 - 22*j + 43. Determine w(-21).
64
Let f(g) = 13*g - 870. What is f(66)?
-12
Let b(z) = -2*z**2 + 37*z + 34. Determine b(20).
-26
Let q(t) = 333*t - 5750. Determine q(17).
-89
Let o(v) = -159*v - 800. Calculate o(-5).
-5
Let i(f) = f**3 - 34*f**2 + 26*f + 45. What is i(33)?
-186
Let b(x) = 58*x - 4358. Give b(75).
-8
Let m(y) = 11*y**3 + 9*y**2 + y - 61. What is m(4)?
791
Let k(f) = -33*f - 937. Calculate k(-28).
-13
Let y(k) = k**2 + 48*k + 32. What is y(-42)?
-220
Let d(l) = -l**3 + 29*l**2 + 33*l + 55. What is d(30)?
145
Let l(w) = -2*w**2 - 335*w + 2051. Give l(6).
-31
Let x(a) = 55*a - 1886. Calculate x(24).
-566
Let g(q) = -111*q + 698. Calculate g(6).
32
Let i(f) = 5*f**2 + 215*f - 1315. Give i(6).
155
Let u(v) = 47*v - 693. Determine u(13).
-82
Let t(y) = 2*y**2 + 4667*y + 41862. Give t(-9).
21
Let q(v) = v**3 + 20*v + 110. Determine q(-4).
-34
Let i(w) = w**2 - 62*w - 1727. Determine i(83).
16
Let c(k) = k**3 + 5*k**2 + 27*k + 35. Determine c(-2).
-7
Let g(c) = c**3 - 4*c**2 + 17*c - 134. Calculate g(6).
40
Let v(z) = -46*z + 2985. Give v(65).
-5
Let b(c) = -58*c**2 - 288*c - 7. Give b(-4).
217
Let g(c) = -c**3 + 3*c**2 + 61*c - 14. What is g(9)?
49
Let r(m) = -m**2 + 53*m + 10. Determine r(0).
10
Let u(p) = 2*p**2 - 8*p - 600. Give u(-16).
40
Let v(c) = -c**3 - 56*c**2 - 143*c - 1857. Calculate v(-54).
33
Let m(c) = 33*c - 1058. Calculate m(32).
-2
Let z(f) = -107*f - 184. Give z(-3).
137
Let z(y) = y**3 + 45*y**2 - 152*y - 387. Calculate z(-48).
-3
Let p(j) = j**2 - 227*j + 3571. Give p(17).
1
Let q(t) = -4028*t + 28188. Give q(7).
-8
Let o(m) = 2*m**3 + 6*m**2 - 7*m + 61. What is o(-5)?
-4
Let a(c) = -c**3 + 28*c**2 + 110*c + 4. Give a(31).
531
Let s(a) = a**2 + 120*a - 127. Calculate s(-121).
-6
Let n(r) = 3*r**2 - 73*r - 73. What is n(25)?
-23
Let j(o) = 49*o + 22. What is j(2)?
120
Let k(d) = 105*d - 1434. Give k(14).
36
Let w(u) = 2*u**3 - 10*u**2 + u + 1. Give w(2).
-21
Let a(m) = 40*m + 178. What is a(-13)?
-342
Let a(i) = -i**2 + 2860*i + 8599. Give a(-3).
10
Let w(k) = -77*k - 1002. Determine w(-24).
846
Let b(t) = -42*t**2 + 253*t - 13. What is b(6)?
-7
Let k(r) = -3*r**2 - 7*r + 236. Give k(-10).
6
Let n(o) = o**3 + 16*o**2 - 41*o - 545. Determine n(-16).
111
Let h(a) = -a**3 + 37*a**2 - 199*a + 7. Calculate h(31).
-396
Let x(s) = -121*s + 99. Determine x(5).
-506
Let x(j) = -72*j + 235. Determine x(3).
19
Let q(j) = 16*j - 2938. Give q(189).
86
Let x(m) = -m**3 + 21*m**2 + 88*m + 43. Give x(24).
427
Let b(z) = 28*z**3 + 35*z**2 + 4*z. Calculate b(-2).
-92
Let w(k) = -239*k + 521. What is w(5)?
-674
Let d(y) = 63*y - 311. Give d(5).
4
Let q(u) = 41994*u - 83985. Give q(2).
3
Let l(r) = -7*r**2 - r + 1. What is l(-4)?
-107
Let l(x) = -x**3 - 9*x**2 + 6*x + 106. Give l(-4).
2
Let f(y) = y**2 + 1930*y - 48876. Determine f(25).
-1
Let a(r) = -3*r**2 + 12*r - 6. Determine a(3).
3
Let c(z) = z**3 - 11*z**2 + 10*z - 19. Give c(11).
91
Let h(d) = -59*d - 3483. Calculate h(-59).
-2
Let l(g) = -32*g + 923. Determine l(29).
-5
Let f(l) = 6*l + 27. What is f(-39)?
-207
Let h(x) = -3107*x + 71455. Calculate h(23).